{"id":2,"date":"2019-04-29T07:50:40","date_gmt":"2019-04-29T07:50:40","guid":{"rendered":"https:\/\/phoster.fi\/?page_id=2"},"modified":"2024-06-08T09:54:07","modified_gmt":"2024-06-08T07:54:07","slug":"sample-page","status":"publish","type":"page","link":"https:\/\/phoster.fi\/?page_id=2","title":{"rendered":"5. Phoster osaaminen"},"content":{"rendered":"<p><meta name=\"keywords\" content=\"Phoster, strategia, \nstrategian mallinnus, TOC, Lean, SCM, ERP, ICT, IT Governance, MRP, PDM, CRM, Master Data, CCPM\"><\/p>\n\n\n<p>Phoster Oy on kumppaninne strategian jalkauttamisen, prosessien kehitt\u00e4misen ja tietotekniikkahankkeiden alueilla.<\/p>\n\n\n\n<blockquote class=\"wp-block-quote has-text-align-right is-layout-flow wp-block-quote-is-layout-flow\">\n<p>&#8221;Strategiasuunnitelma on juuri niin hyv\u00e4, <\/p>\n\n\n\n<p>kuinka hyvin sen <strong>k\u00e4ytt\u00e4nt\u00f6\u00f6nvienti<\/strong> onnistuu.&#8221;<\/p>\n<\/blockquote>\n\n\n\n<p>Meill\u00e4 on vuosien kokemus sek\u00e4 pienist\u00e4, keskisuurista ett\u00e4 suurista kansainv\u00e4lisist\u00e4 yrityksist\u00e4. Uskallamme tarttua haasteisiin, kyseenalaistaa ja tuoda uusia n\u00e4k\u00f6kulmia toiminnan kehitt\u00e4miseen.<br><\/p>\n\n\n\n<p>Meill\u00e4 on kokemusta useista eri liiketoiminnoista ja liiketoimintamalleista. Meill\u00e4 on pitk\u00e4 k\u00e4yt\u00e4nn\u00f6n kokemus FMC (Fast-Moving Consumer Goods) prossien kehitt\u00e4misest\u00e4. Olemme my\u00f6s ty\u00f6skennelleet yksitt\u00e4istuotannon pulmien parissa (sek\u00e4 projektituotanto ett\u00e4 varastotuotanto). Tuotannon ohjaus ja sen kehitt\u00e4minen on ollut yksi merkitt\u00e4v\u00e4 osa-alue<\/p>\n\n\n\n<blockquote class=\"wp-block-quote has-text-align-right is-layout-flow wp-block-quote-is-layout-flow\">\n<p>&#8221;Prosessien kehitt\u00e4minen kytkee suunnitelmat k\u00e4yt\u00e4nn\u00f6n toimenpiteiksi.&#8221;<\/p>\n<\/blockquote>\n\n\n\n<p>Kehitt\u00e4misen osa-alueita ovat SCM (Supply Chain Management) prosessit menekin ennakoinnista toimituksiin. Lis\u00e4ksi olemme kehitt\u00e4neet ty\u00f6kaluja mm. muutoshallintaan ja Master Data hallintaan. <\/p>\n\n\n\n<p>Projektien hallinta on ydinosaamistamme. Olemme k\u00e4ytt\u00e4neet sek\u00e4 vesiputousmallia, ett\u00e4 scrum metodia. Olemme valmiit tarttumaan my\u00f6s CCPM mallin mukaiseen projektinhallintaan. <br><\/p>\n\n\n\n<p>Laajan <strong>kumppaniverkostomme <\/strong>avulla voimme tuoda kehityshankkeisiin monialaista osaamista oman osaamisemme lis\u00e4ksi: Strategia, TOC, Lean, DDMRP, ICT infra, ERP, CRM, PDM, MES\/CAM, Throughput Accounting.<\/p>\n\n\n\n<p>Kannattaa tsekata esim. seuraavat yritykset:<\/p>\n\n\n\n<p><a href=\"https:\/\/www.konsulttiyhtymaaika.fi\/\"><strong>Konsulttiyhtym\u00e4 AIKA Oy<\/strong><\/a> &#8211; Varsinais-Suomen Yritt\u00e4jien kasvuyrityspalvelu<\/p>\n\n\n\n<p><a href=\"https:\/\/kukonaskel.com\/palvelut\/\"><strong>Kukonaskel Oy<\/strong><\/a> &#8211; strategiaty\u00f6<\/p>\n\n\n\n<p><strong>Merifam Consulting<\/strong> &#8211; Petri Merisaari &#8211; yrityksen likketoiminna kehitt\u00e4minen, kasvustrategia, liiketoimintasuunnitelmat<\/p>\n\n\n\n<p><a href=\"https:\/\/siltalaconsulting.fi\/\"><strong>Konsultointipalvelut &#8211; Siltala Consulting<\/strong><\/a> &#8211; kaupallinen kehitt\u00e4minen, markkinointi- ja br\u00e4ndistrategiat<\/p>\n\n\n\n<p><a href=\"https:\/\/www.kt-selin.fi\/tuottavuuden-jatkuva-parantaminen\"><strong>KT Selin Oy<\/strong><\/a> &#8211; Keijo Selin &#8211; tuotannon kehitt\u00e4minen, Lean ja SixSigma<\/p>\n\n\n\n<p>Olemme toteuttaneet useita j\u00e4rjestelm\u00e4hankkeita eri rooleissa mm. seuraavien yritysten kanssa:<\/p>\n\n\n\n<ul class=\"wp-block-list\">\n<li>Digia Oyj &#8211; Digia Enterprise, Microsoft D365 Business Central<\/li>\n\n\n\n<li>CGI Suomi Oy &#8211; Microsoft D365 Business Central<\/li>\n\n\n\n<li>Oscar Software Oy &#8211; Oscar ERP<\/li>\n\n\n\n<li>Monitor ERP System Finland Ab &#8211; MonitorERP<\/li>\n\n\n\n<li>Infor \/ Midport Scandinavia &#8211; Infor LN<\/li>\n\n\n\n<li>Staria &#8211; Netsuite ERP<\/li>\n\n\n\n<li>Fellowmind Oy (eCraft) &#8211; Microsoft D365 Business Central<\/li>\n\n\n\n<li>Cobra Systems Oy &#8211; Alpha Mnager<\/li>\n\n\n\n<li>Visma Oy &#8211; L7, Netvisor<\/li>\n\n\n\n<li>IBM &#8211; SAP R\/4<\/li>\n\n\n\n<li>Leanware (Elisa IndustIQ) &#8211; WMS<\/li>\n\n\n\n<li>Western System Oy &#8211;  ERP \/ LASTI<\/li>\n\n\n\n<li>&#8230;<\/li>\n<\/ul>\n","protected":false},"excerpt":{"rendered":"<p>Phoster Oy on kumppaninne strategian jalkauttamisen, prosessien kehitt\u00e4misen ja tietotekniikkahankkeiden alueilla. &#8221;Strategiasuunnitelma on juuri niin hyv\u00e4, kuinka hyvin sen k\u00e4ytt\u00e4nt\u00f6\u00f6nvienti onnistuu.&#8221; Meill\u00e4 on vuosien kokemus sek\u00e4 pienist\u00e4, keskisuurista ett\u00e4 suurista kansainv\u00e4lisist\u00e4 yrityksist\u00e4. Uskallamme tarttua haasteisiin, kyseenalaistaa ja tuoda uusia n\u00e4k\u00f6kulmia toiminnan kehitt\u00e4miseen. Meill\u00e4 on kokemusta useista eri liiketoiminnoista ja liiketoimintamalleista. Meill\u00e4 on pitk\u00e4 k\u00e4yt\u00e4nn\u00f6n kokemus &hellip; <\/p>\n<p class=\"link-more\"><a href=\"https:\/\/phoster.fi\/?page_id=2\" class=\"more-link\">Jatka lukemista<span class=\"screen-reader-text\"> &#8221;5. Phoster osaaminen&#8221;<\/span><\/a><\/p>\n","protected":false},"author":1,"featured_media":424,"parent":0,"menu_order":0,"comment_status":"closed","ping_status":"closed","template":"","meta":{"footnotes":""},"class_list":["post-2","page","type-page","status-publish","has-post-thumbnail","hentry"],"_links":{"self":[{"href":"https:\/\/phoster.fi\/index.php?rest_route=\/wp\/v2\/pages\/2","targetHints":{"allow":["GET"]}}],"collection":[{"href":"https:\/\/phoster.fi\/index.php?rest_route=\/wp\/v2\/pages"}],"about":[{"href":"https:\/\/phoster.fi\/index.php?rest_route=\/wp\/v2\/types\/page"}],"author":[{"embeddable":true,"href":"https:\/\/phoster.fi\/index.php?rest_route=\/wp\/v2\/users\/1"}],"replies":[{"embeddable":true,"href":"https:\/\/phoster.fi\/index.php?rest_route=%2Fwp%2Fv2%2Fcomments&post=2"}],"version-history":[{"count":30,"href":"https:\/\/phoster.fi\/index.php?rest_route=\/wp\/v2\/pages\/2\/revisions"}],"predecessor-version":[{"id":848,"href":"https:\/\/phoster.fi\/index.php?rest_route=\/wp\/v2\/pages\/2\/revisions\/848"}],"wp:featuredmedia":[{"embeddable":true,"href":"https:\/\/phoster.fi\/index.php?rest_route=\/wp\/v2\/media\/424"}],"wp:attachment":[{"href":"https:\/\/phoster.fi\/index.php?rest_route=%2Fwp%2Fv2%2Fmedia&parent=2"}],"curies":[{"name":"wp","href":"https:\/\/api.w.org\/{rel}","templated":true}]}}