{"id":362,"date":"2019-05-17T12:20:31","date_gmt":"2019-05-17T12:20:31","guid":{"rendered":"https:\/\/phoster.fi\/?page_id=362"},"modified":"2019-10-21T08:35:32","modified_gmt":"2019-10-21T05:35:32","slug":"tietojarjestelmahankkeet-2-2-2-2-2","status":"publish","type":"page","link":"https:\/\/phoster.fi\/?page_id=362","title":{"rendered":"3.  Tietoj\u00e4rjestelm\u00e4hankkeet"},"content":{"rendered":"\n<p>Olemme toteuttaneet j\u00e4rjestelmien kehityshankkeita suurissa ja pieniss\u00e4 organsiaatioissa useilla eri osa-alueilla. J\u00e4rjestelm\u00e4kehitys on oleellista n\u00e4hd\u00e4 osana koko yrityksen toiminnan kehitt\u00e4mist\u00e4. Siksi olemme aina kytkeneet j\u00e4rjestelm\u00e4kehityksen yrityksen strategiaty\u00f6h\u00f6n. Strategiakytk\u00f6ksen avulla pyrit\u00e4\u00e4n tunnistamaan oleelliset j\u00e4rjestelm\u00e4vaatimukset sek\u00e4 mihin suuntaan liiketoiminta on kehittym\u00e4ss\u00e4.<\/p>\n\n\n\n<p>Hankkeella pit\u00e4\u00e4 olla selke\u00e4 tarve ja tavoite:<\/p>\n\n\n\n<ul class=\"wp-block-list\"><li>tuki liiketoiminnalle <ul><li>uusi tuote tai palvelu<\/li><li>palvelun laajentaminen<\/li><\/ul><\/li><li>automatisointi<ul><li>manuaalisen prosessin automatisointi<\/li><li>IoT ja sen kytkeminen taustaj\u00e4rjestelmiin<\/li><\/ul><\/li><li>kustannuss\u00e4\u00e4st\u00f6<ul><li>v\u00e4hemm\u00e4n manuaalista ty\u00f6t\u00e4<\/li><li>lis\u00e4arvoa tuottamattomien vaiheiden poistaminen<\/li><\/ul><\/li><li>raportoinnin kehitt\u00e4minen<\/li><li>j\u00e4rjestelm\u00e4ratkaisun p\u00e4ivitt\u00e4minen<ul><li>vanha j\u00e4rjestelm\u00e4 ei ole tuettu<\/li><li>liikaa hajanaisia j\u00e4rjestelmi\u00e4<\/li><li>j\u00e4rjestelmien tietoturvaa tulee kehitt\u00e4\u00e4<\/li><li>j\u00e4rjestelmien suorituskyky on heikko (hitaus, katkot, k\u00e4ytett\u00e4\u00e4vyys)<\/li><\/ul><\/li><li>&#8230;<\/li><\/ul>\n\n\n\n<p>Alla olevista linkeist\u00e4 p\u00e4\u00e4set tarkastelemaan l\u00e4hemmin eri osa-alueiden kehitysty\u00f6n n\u00e4k\u00f6kulmia ja menetelmi\u00e4:<\/p>\n\n\n\n<ul class=\"wp-block-list\"><li><a href=\"https:\/\/phoster.fi\/?page_id=299\">IT Strategia<\/a><\/li><li><a href=\"https:\/\/phoster.fi\/?page_id=356\">IT Governance<\/a><\/li><li><a href=\"https:\/\/phoster.fi\/?page_id=297\">J\u00e4rjestelm\u00e4projektit<\/a><\/li><li><a href=\"https:\/\/phoster.fi\/?page_id=549\">Liiketoiminnan digitalisointi<\/a><\/li><li><a href=\"https:\/\/phoster.fi\/?page_id=304\">Integraatioprojektit<\/a><\/li><\/ul>\n\n\n\n<figure class=\"wp-block-image\"><img loading=\"lazy\" decoding=\"async\" width=\"887\" height=\"599\" src=\"https:\/\/phoster.fi\/wp-content\/uploads\/2019\/10\/System_landscape_1.jpg\" alt=\"\" class=\"wp-image-547\" srcset=\"https:\/\/phoster.fi\/wp-content\/uploads\/2019\/10\/System_landscape_1.jpg 887w, https:\/\/phoster.fi\/wp-content\/uploads\/2019\/10\/System_landscape_1-300x203.jpg 300w, https:\/\/phoster.fi\/wp-content\/uploads\/2019\/10\/System_landscape_1-768x519.jpg 768w\" sizes=\"auto, (max-width: 767px) 89vw, (max-width: 1000px) 54vw, (max-width: 1071px) 543px, 580px\" \/><\/figure>\n","protected":false},"excerpt":{"rendered":"<p>Olemme toteuttaneet j\u00e4rjestelmien kehityshankkeita suurissa ja pieniss\u00e4 organsiaatioissa useilla eri osa-alueilla. J\u00e4rjestelm\u00e4kehitys on oleellista n\u00e4hd\u00e4 osana koko yrityksen toiminnan kehitt\u00e4mist\u00e4. Siksi olemme aina kytkeneet j\u00e4rjestelm\u00e4kehityksen yrityksen strategiaty\u00f6h\u00f6n. Strategiakytk\u00f6ksen avulla pyrit\u00e4\u00e4n tunnistamaan oleelliset j\u00e4rjestelm\u00e4vaatimukset sek\u00e4 mihin suuntaan liiketoiminta on kehittym\u00e4ss\u00e4. Hankkeella pit\u00e4\u00e4 olla selke\u00e4 tarve ja tavoite: tuki liiketoiminnalle uusi tuote tai palvelu palvelun laajentaminen automatisointi &hellip; <\/p>\n<p class=\"link-more\"><a href=\"https:\/\/phoster.fi\/?page_id=362\" class=\"more-link\">Jatka lukemista<span class=\"screen-reader-text\"> &#8221;3.  Tietoj\u00e4rjestelm\u00e4hankkeet&#8221;<\/span><\/a><\/p>\n","protected":false},"author":1,"featured_media":395,"parent":0,"menu_order":0,"comment_status":"closed","ping_status":"closed","template":"","meta":{"footnotes":""},"class_list":["post-362","page","type-page","status-publish","has-post-thumbnail","hentry"],"_links":{"self":[{"href":"https:\/\/phoster.fi\/index.php?rest_route=\/wp\/v2\/pages\/362","targetHints":{"allow":["GET"]}}],"collection":[{"href":"https:\/\/phoster.fi\/index.php?rest_route=\/wp\/v2\/pages"}],"about":[{"href":"https:\/\/phoster.fi\/index.php?rest_route=\/wp\/v2\/types\/page"}],"author":[{"embeddable":true,"href":"https:\/\/phoster.fi\/index.php?rest_route=\/wp\/v2\/users\/1"}],"replies":[{"embeddable":true,"href":"https:\/\/phoster.fi\/index.php?rest_route=%2Fwp%2Fv2%2Fcomments&post=362"}],"version-history":[{"count":13,"href":"https:\/\/phoster.fi\/index.php?rest_route=\/wp\/v2\/pages\/362\/revisions"}],"predecessor-version":[{"id":558,"href":"https:\/\/phoster.fi\/index.php?rest_route=\/wp\/v2\/pages\/362\/revisions\/558"}],"wp:featuredmedia":[{"embeddable":true,"href":"https:\/\/phoster.fi\/index.php?rest_route=\/wp\/v2\/media\/395"}],"wp:attachment":[{"href":"https:\/\/phoster.fi\/index.php?rest_route=%2Fwp%2Fv2%2Fmedia&parent=362"}],"curies":[{"name":"wp","href":"https:\/\/api.w.org\/{rel}","templated":true}]}}